+ 5*p**2/2 - 31*p. Determine q(-7).
-16
Let n(g) be the second derivative of -1/3*g**4 - 1/20*g**5 + 0 - 8*g + 2/3*g**3 - 7/2*g**2. Calculate n(-5).
-2
Let w(z) be the first derivative of 0*z**4 - 1/6*z**3 + z**2 - 2 + 1/120*z**6 + 1/60*z**5 + 0*z. Let a(t) be the second derivative of w(t). Determine a(1).
1
Let t(j) = -j**3 - 5*j**2 + 4. Let c = 8 - 3. Suppose -o + 2*b = -4, 0*b - c*b = 0. Suppose 0 = -3*m + 15, 6*f - o*f + 35 = 5*m. Calculate t(f).
4
Let f(a) = -a**3 - 6*a**2 + 8*a + 6. Let w be f(-7). Let g(d) be the third derivative of 7*d**5/60 - d**3/6 - 3*d**2. Give g(w).
6
Let w(b) be the first derivative of b + 3 + 1/2*b**2 - 3/4*b**4 + 0*b**3. Determine w(-1).
3
Let t(i) = i**3 + 4*i**2 + 3. Let y be t(-4). Let f(v) = 2*v**3 - 3*v**2 + v + 1. Let d(l) = l**3 - 2*l**2 + l. Let a(p) = y*d(p) - 2*f(p). Calculate a(2).
-8
Suppose 50 - 77 = 3*q. Let t(u) = -u**3 - 10*u**2 - 11*u - 8. Give t(q).
10
Let f(m) = -5*m**2 + m + 1. Let s = -5 - -9. Suppose -68 = -0*w - 4*w - 4*l, 5*w = -s*l + 87. Suppose 4*u + 5*p - 1 = 15, -3*u + 4*p - w = 0. Calculate f(u).
-5
Let t(g) be the first derivative of -g**4/2 - g**3/3 - g**2/2 + 2*g - 44. Determine t(-2).
16
Let q = -6 + 3. Let x(k) = -3*k + 14. Let h(v) = v - 5. Let d(c) = q*x(c) - 8*h(c). Let b = 4 - 9. Give d(b).
-7
Let d(j) be the third derivative of j**4/24 + j**3/6 + j**2. Let h be (-2 - -1 - 1) + 0. Let r be 15/10*(h - 0). Calculate d(r).
-2
Suppose -8 - 52 = -5*w. Let u be (0 + -1)*-4 + 3. Let p = w - u. Let b(r) = -2*r + 7. Determine b(p).
-3
Let b(k) = k**2 + 2*k - 1. Suppose 4*v - 70 = -v. Suppose 5*f + 11 = -v. Let y = 3 + f. Determine b(y).
-1
Let k(b) = b**2 + 5*b - b + b**2. Suppose t = 5*d + 13, 7 = d - 6*t + t. Determine k(d).
6
Let p(o) = -11*o**3 - 13*o**2 + 3*o + 13. Let b(k) = -6*k**3 - 7*k**2 + k + 7. Let s(f) = -7*b(f) + 4*p(f). Determine s(-3).
15
Let d(h) = -h**3 - h**2 + 4*h + 2. Suppose -c = -3 + 1. Suppose 0 = 3*n - 2*n - 3*j + 9, 12 = -c*n + 3*j. Calculate d(n).
8
Let c(h) = -h. Let a(w) = w**3 - 6*w**2 - 8*w + 8. Let i be a(7). Let s = -4 + i. Determine c(s).
3
Let n(r) = -5 + 2 + 0 + 5*r + 2. What is n(1)?
4
Let w(u) = 5*u + 21. Let x be w(-4). Let j(g) = 12*g - 1. Determine j(x).
11
Suppose 2*y = -5*b + 9, -2*y + 3*b + 3 = 2. Let a(w) be the third derivative of w**6/120 + w**5/60 - w**3/6 - 3*w**2. Calculate a(y).
11
Let m(u) = -u - 1. Let g be (18/(-8))/((-9)/24). What is m(g)?
-7
Suppose -10*a = -5*a - h - 47, 2*h = 3*a - 31. Let b(w) = -w**2 + 9*w. What is b(a)?
0
Let d(b) = 4*b**2 + 4. Let p be d(2). Let m be 5/(0 + p/24). Let n(v) = v**3 - 6*v**2 - v + 6. Calculate n(m).
0
Let v(x) = 6*x. Let k = 5 - 6. Let a = 4 - k. Suppose a*j - 7 = 3. Give v(j).
12
Let d be (4/(-3))/(4/(-6)). Let w(n) = 9*n. Let z(m) = -3*m. Let o(g) = 2*w(g) + 7*z(g). Determine o(d).
-6
Let m(r) be the second derivative of -r**5/20 - 5*r**4/12 - 2*r**3/3 + 4*r. Let o be m(-4). Suppose -l - l = o. Let w(j) = -j**2 - j. Calculate w(l).
0
Let z(t) = t**3 - 4*t**2 + 2*t - 3. Let k be z(3). Let d be (3/k)/(2/(-4)). Let o(i) be the third derivative of i**4/8 - 2*i**2. Determine o(d).
3
Suppose -2*f - 16 = l, -2*l - 3*f = -l + 21. Let d = l + 3. Let q = d - -7. Let h(s) = s**2 - 5*s. Calculate h(q).
-4
Suppose -5*j = -6*j + 5. Let s(k) be the first derivative of k**2/2 - 7*k + 2. Let u(g) = -g + 7. Let h(b) = 4*s(b) + 5*u(b). What is h(j)?
2
Let r(q) = -q + 11. Let j(g) = 1. Let k(n) = -3*j(n) + r(n). Let s be k(6). Let p(m) = 1 + 7*m**2 - 5*m**2 + 5*m**s. Determine p(1).
8
Let g(d) = d**3 - 11*d**2 + 11*d - 7. Suppose -2*x + 3 + 17 = 0. Let n be g(x). Let j(m) = 2*m - 3*m**n + m**3 - m**2 + 11*m**3 - 1. Give j(1).
9
Let w(d) = d**2 - d + 3. Let g(k) = k**2 - k + 3. Let o(m) = -4*g(m) + 5*w(m). What is o(4)?
15
Let i = -2 - 0. Let g(o) = -13*o + 7 + 5*o**2 - 13 - 4*o. Let s(b) = -2*b**2 + 6*b + 2. Let q(m) = 4*g(m) + 11*s(m). Give q(i).
-6
Suppose 5*b - 1 = 3*o + 13, 3*o = 6. Suppose 7*a - b*a = -9. Let h(z) = -z**3 - 4*z**2 - z - 3. What is h(a)?
-9
Let j(s) = -5*s**2. Let o(z) = z**2 - 3*z + 1. Let q be o(3). Give j(q).
-5
Let b(k) be the first derivative of -2 - 4*k + 3/2*k**2. Let h = -3 - -6. Determine b(h).
5
Let c(r) = -r - 2. Let u be c(-4). Let l = 4 - u. Suppose -5*x = 4*b - l*x - 10, 5*b - 12 = -4*x. Let a(t) = t - 2. Give a(b).
2
Let w = 7 - 4. Let t(z) = 1 - 2*z**w - 2*z**2 + 3*z**3 + 2*z - z**2. Determine t(3).
7
Suppose 0*x = 2*x + 4. Let b be 23/(-5) + x/5. Let f(a) = -a - 2. Determine f(b).
3
Let g(q) = -q**3 - 5*q**2 + 7*q + 6. Let z = 6 + -6. Suppose z*a = -3*a - 18. Calculate g(a).
0
Let a(s) = -s**2. Let n(j) = 3*j**2 + 3*j + 1. Let v(k) = 4*a(k) + n(k). Calculate v(5).
-9
Let r(t) be the third derivative of t**6/120 + t**5/12 + t**4/24 - t**3/2 + 6*t**2. Calculate r(-3).
12
Let u(a) = -a + 3. Suppose 16*m = 12*m + 20. Calculate u(m).
-2
Let c(a) = a**3 + 4*a**2 + 2*a + 3. Let t(s) = s**3 + 6*s**2 - 16*s - 3. Let b be t(-8). Give c(b).
6
Let h(z) be the second derivative of -z**5/10 + z**4/4 - 5*z**3/3 + 6*z**2 - 5*z. Let y(p) = -p**3 + p**2 - 5*p + 6. Let k(f) = 4*h(f) - 7*y(f). Give k(4).
2
Let z be (-64)/(-20) - (-2)/(-10). Suppose 0 = -8*d + z*d + 20. Let o(s) = -4 + 1 - s + s**2 - 2 + 0*s. Determine o(d).
7
Let g(i) = 3*i**2 - 2*i + 1. Let y be g(1). Let h(t) = t**3 - 2*t - 4 + t**2 + 6 + 0*t**2. Determine h(y).
10
Let f = 12 - 9. Let a be (2/(-1))/(2/f). Let v(u) = -u**3 - 2*u**2 + 3*u - 3. Determine v(a).
-3
Let i be 1/3 - (-11)/3. Let c(l) be the second derivative of l**4/12 - l**3/6 - 3*l**2/2 - 4*l. Determine c(i).
9
Let y(p) = 6*p**2 + 32*p + 1. Let n(a) = 4*a**2 + 21*a + 1. Let x(g) = 8*n(g) - 5*y(g). Give x(-5).
13
Suppose n = 3*n - 4. Let j(d) = 2*d**2 - 2*d + 2. Calculate j(n).
6
Let m(h) = h - 9. Let w = 2 + 2. Let g be 1/(-3) + 30/9. Suppose z = -2*z - g*r + 12, 5*r = -z + w. What is m(z)?
-5
Let p = -107 + 109. Let f(w) be the third derivative of 0*w**5 + 0 + 1/120*w**6 + 5/6*w**3 + 0*w + 0*w**4 - p*w**2. Calculate f(0).
5
Let i(j) = -4 + 0*j**2 + 2*j**2 - 2 + 2 - 3*j. What is i(3)?
5
Let c(r) = -r - 4. Let m be (3/(-1) + 3)/(-2). Calculate c(m).
-4
Let g = -1 + 2. Let d(t) = 6*t**3 - t**2 + 1. Calculate d(g).
6
Let c(b) = -b**2 - 3*b + 6. Let k = -66 + 41. Let p = k - -20. Give c(p).
-4
Let l = 26 - 23. Suppose -l*f = 8 + 1, f - 9 = 4*c. Let u(s) = -s**3 - 2*s**2 + 4*s + 4. Determine u(c).
1
Let n(j) = j - 1. Let x(a) = 7*a. Let q(z) = -5*n(z) + x(z). Give q(-4).
-3
Let t(y) = -2 - 3 + 11 - 2*y - 9. Let x(j) be the third derivative of -j**4/6 - 7*j**3/6 - j**2. Let n(c) = 9*t(c) - 4*x(c). Calculate n(4).
-7
Let l(w) = -w - 8. Suppose d = -0*d - 2. Let p be ((-4)/(-3))/(d/6). Let c be l(p). Let q(v) = v + 6. Calculate q(c).
2
Let r(w) be the second derivative of -w**4/6 + w**3/3 + w**2 - 3*w. Calculate r(3).
-10
Suppose 2*l + 0*l = 0. Suppose 3*h + 5 = -v + 2*h, l = 3*v + 5*h + 15. Let n(d) = d**3 + 6*d**2 + 5*d + 7. Determine n(v).
7
Let k = -4 + 7. Let d(u) = 2*u**3 + 2. Let o(f) = -5*f**3 - f**2 - f - 6. Let l(a) = k*o(a) + 8*d(a). Suppose -5 = -2*p + 3. Give l(p).
2
Suppose 2 + 5 = s. Suppose -4*j + s*j - 12 = 0. Let z(v) = -v. Let f(o) = -5*o**2 - 4*o + 1. Let w(l) = j*z(l) - f(l). What is w(1)?
4
Let z(u) = -2*u**2 - 2*u**2 + 2*u**2 - u + u**2. What is z(2)?
-6
Let a = 16 - 19. Let c(s) = 2*s - 5. Suppose -19 = -4*n - 3. Let v(t) = -3*t + 6. Let i(h) = n*c(h) + 3*v(h). Calculate i(a).
1
Let v(s) = -3*s - 4. Let t(w) = 10*w + 11. Let f(q) = -2*t(q) - 7*v(q). Let d = 15 - 25. Let r = d - -5. Give f(r).
1
Let n(b) = -b**3 - 5*b**2 - 4*b + 5. Let o be (-4 + 3)*(-12)/(-2). Let u be 3*o*6/27. Give n(u).
5
Let j(k) be the first derivative of k**5/30 - k**4/24 + 7*k**3/3 + 2. Let m(s) be the third derivative of j(s). Let z = -1 - -2. Give m(z).
3
Let k be 2/4 + 21/(-6). Let i = 7 + k. Let j(d) = -2*d + 5. Give j(i).
-3
Let t(l) be the first derivative of l**3/3 - 5*l**2/2 + l + 17. Let n(i) = i**3 + 5*i**2 + 3*i + 1. Let s be n(-4). Determine t(s).
1
Suppose -3 - 3 = -3*f. Let g(r) = 2*r + r**2 - 6*r**f + 3 + 4*r + r**3 - 4*r. Determine g(4).
-5
Let f(s) = 26*s**2 - 9*s**2 - 8*s**2 + 7*s - 8*s**2. What is f(-5)?
-10
Let f(b) be the second derivative of -b**5/20 + b**4/3 + b**3/2 + 30*b. What is f(5)?
-10
Let k(n) = n**2 + 2*n - 1. Let q be k(-3). Let d(o) =